= -4. Is r composite?
True
Let m be 3/((-3)/(-2414)) + -22 + 26. Let l = 6619 - m. Is l a composite number?
False
Let t(s) = 15 + 2*s**3 - 2*s**2 - 9 - 3*s + 14 + 11. Is t(18) prime?
True
Let p(w) = -w + 656*w**2 + 245*w**2 - 203*w**2 + 10. Is p(-3) composite?
True
Let q(r) = -1221*r + 250. Is q(-83) composite?
True
Let b = 1166016 + -678155. Is b a prime number?
False
Let s(x) = 4*x + 19. Let d be s(-3). Suppose -9*u = -d*u - 26498. Is u prime?
True
Suppose 28694 = -3*c + 5*c. Suppose -3*b = 4*j - c, -b - 3570 = -3*j + 7187. Suppose -j - 9679 = -5*o. Is o composite?
True
Let q(x) = x**2 + 3*x + 4. Let y be q(-4). Suppose -15*t + 11*t + y = 0. Suppose g - 3*g + 1138 = t*l, -5*l + g + 2857 = 0. Is l composite?
False
Let z(n) = n**3 + 0*n**2 - 13 + n + 14 - n**2. Let h(j) = 24*j**3 - j**2 + 2*j + 4. Let i(w) = -h(w) + 2*z(w). Is i(-3) composite?
True
Suppose 0 = -5*o + 2*v + 15, 7*o - 5*o = -v + 6. Suppose 5*z - 22720 = -o*g, 0 = 2*z - 2*g - 3*g - 9119. Is z prime?
True
Let c = -8566 + 37409. Suppose -2*f + l = -19225, -6*l = -3*f - 10*l + c. Is f composite?
False
Let b be (-2)/((-18)/(-27) - (-8)/(-6)). Suppose 0 = -2*s, -b*z + 5*s - 4748 = -7*z. Is z a prime number?
True
Let j(h) = -259*h + 30. Let p(w) = -1032*w + 119. Let a(d) = -9*j(d) + 2*p(d). Is a(15) composite?
True
Let s = -11 - -17. Let k be -3*1*(-778)/s. Suppose 0 = -2*c - 3*g + k, 0 = -4*c + g + 1121 - 322. Is c composite?
False
Let b(s) be the second derivative of -s**5/20 - 25*s**4/12 - 23*s**3/6 + 55*s**2/2 - 19*s. Is b(-30) a composite number?
True
Let w(r) = -r**3 - 13*r**2 - 16*r - 6. Let p be w(-11). Let m = p + 76. Suppose 104 = m*g + 5*n, 2*n = 4*g - n - 72. Is g a prime number?
False
Let f(d) = 3971*d + 25 - 9 - 1624*d. Is f(3) prime?
True
Let m(r) = 3060*r**2 + 8*r + 503. Is m(-9) prime?
True
Let y = -158 - -71. Let l(n) = 687*n**2 + 21*n - 20. Let v be l(-1). Let q = y + v. Is q prime?
False
Suppose v + 0*v - 6 = -4*u, 7 = 2*v + 3*u. Is -1 + v - (-8500 + 16/4) prime?
False
Suppose 531 - 519 = 6*l. Suppose -4*a + 5122 = -l*w, 0 = 2*a + 14*w - 16*w - 2556. Is a prime?
True
Let p(l) = 12*l**2 + l - 12. Let h(r) = -45*r + 98*r - 54*r + 12. Let f be h(7). Is p(f) composite?
False
Suppose 2*m + 2*y + 4 = 0, 10 = 5*m - 2*y + 6. Is 7724 - (m - (-2 + -5)) composite?
False
Let y(n) = -121*n**2 + 498*n**2 + 2*n - 2 + 1668*n**2. Is y(1) a prime number?
False
Let o = 284 + -281. Suppose 15*l = 20*l - o*t - 50324, 3*l - 30174 = -5*t. Is l a composite number?
True
Let m(u) = -3*u - 2. Let l = 101 + -103. Let p be m(l). Suppose p*g = -g - 4*c + 937, 734 = 4*g - 2*c. Is g a prime number?
False
Let t be (-2)/6 - (-90)/27. Suppose -4699 = -t*y - 6*g + 4*g, 0 = 5*y + 3*g - 7832. Is y a prime number?
True
Suppose 6*i + 18 = 8*i. Is i/12 + 14028/48 composite?
False
Let u = -617216 - -1737289. Is u prime?
True
Suppose -7359342 = -24*k + 14490. Is k a composite number?
False
Let z = 91487 + 82966. Is z a prime number?
False
Let k(m) = 68*m - 13*m + 67*m + 5. Is k(19) prime?
False
Suppose 0 = 106*l + 20*l - 13842234. Is l a prime number?
True
Suppose 34 = -3*b - 4*a + 2*a, 5*a + 65 = -5*b. Let u be -2 + b/(-32)*8*1. Suppose 17347 = 3*g + 5*j, -4*j + j + 6 = u. Is g a prime number?
True
Suppose 11 = 17*o + 28. Let b(v) = -24393*v**3 - v**2 - 5*v - 4. Let s be b(o). Suppose 3*r = y - 4*y + 14655, 5*y - s = 3*r. Is y composite?
True
Suppose -29*k + 4986055 = -11*k + 97*k. Is k prime?
False
Suppose -25 - 20 = -15*v. Suppose 7 = -w - v*t, w = -t - t - 4. Suppose -2*n - 2*q + 1812 = 0, w*n + q - 1810 = -3*q. Is n prime?
True
Let g(d) = -52*d + 1046*d + 32 - 87. Is g(30) prime?
False
Let z = -56898 - -90217. Let o = -2582 + z. Is o composite?
True
Suppose 76*z = 72*z - 12, -5*z + 4017762 = 3*m. Is m composite?
False
Let m be (10480/(-6))/((-16)/(-120)). Is -4 - (-2)/((-8)/m) composite?
False
Let t(q) = -q**2 + 4*q + 60. Let l be t(10). Suppose a - y - 1399 = -0*y, -3*a - 3*y + 4185 = l. Is a a prime number?
False
Let v(o) be the third derivative of 401*o**5/60 - o**3/3 - 112*o**2 - 2. Is v(3) a prime number?
True
Let p = -819 + 846. Suppose -2 = j - 0. Is 69/j*(-18)/p prime?
True
Is 27/(243/2004084) - ((-1)/(-1) + -4) a composite number?
False
Let w(q) = 4*q + 37. Let k be w(-8). Suppose -34760 = -5*j - k*z, -3366 - 10523 = -2*j + z. Is j a composite number?
False
Let x = 36 + -34. Suppose x*t = w + 1632, -2*w + 0*w = -8. Suppose -j + 3*j - t = r, 3*j = -4*r + 1227. Is j a composite number?
False
Let r(s) = -8*s**3 + 11*s**2 + 22*s - 46. Is r(-7) a prime number?
True
Let c = -2 + 1. Let b(t) = 67 - 44 - 23 - 31*t. Is b(c) composite?
False
Let b = 299 - 297. Let u(x) = 1483*x - 27. Is u(b) a composite number?
False
Let k be 145916/(-84) - 8/(-84). Let r = k - -6272. Is r a composite number?
True
Let k be 1*3/3 - -5010. Suppose 109*r - 14*r = 258210. Let a = k - r. Is a a composite number?
False
Let d = 1302795 + -638134. Is d a composite number?
False
Is (1/((-4)/83019))/((-75)/12 + 6) composite?
True
Let q = 61 - 58. Suppose 0 = 5*y + 25, -5*p + 3*p + 2319 = q*y. Suppose 2*h - p = -h. Is h composite?
False
Let j = -444 - -1368. Suppose 0 = -3*l - 141 + j. Suppose -6*k + 4047 = l. Is k prime?
True
Let f = 5 - 7. Let v(q) = -1591*q + 3. Let g be v(f). Suppose 5*l - 4*r = g, -r + 1898 = 5*l - 1312. Is l composite?
False
Suppose -10*n = -7*n. Suppose 8*x - 29645 - 35147 = n. Suppose 15*s - 706 = x. Is s a composite number?
False
Let x(h) = -7 + 125*h**2 - 244*h**2 + 129*h**2 + 4*h. Is x(6) a composite number?
True
Let f = 37 + -34. Suppose -59 + 11 = f*x. Is 12/x*-551 - 1/4 composite?
True
Suppose -2*f + 3031 = d, d - 2*f + 6064 = 3*d. Suppose 11*i - 6856 = d. Is i composite?
True
Suppose 0 = -3*l - l - 8, a = -5*l - 12. Let v(g) = -g**3 + 5*g**2 + 17*g - 21. Let t be v(7). Is t - ((-315)/(-6) + -4)*a prime?
True
Let r(z) = 244*z - 1. Suppose 2*u + c - 189 = 0, -u + 2*c + 3*c = -89. Let t = 99 - u. Is r(t) a prime number?
False
Let k = 259 - 57. Suppose 3*x - 4*s = 661, 2*x + 3*s = 250 + k. Is x a prime number?
True
Suppose 0 = -2*o - 5*s - 2071, -4*o - 5*s = o + 5200. Let w = o - -2210. Is w a composite number?
True
Is -1087445*(460/276 + 56/(-30)) composite?
False
Let j(t) = 12447*t**2 + 11*t - 11. Is j(3) prime?
False
Let c = 45831 + 6178. Is c a prime number?
True
Let b = -36 + 35. Let j(a) = -6*a**3 + 3*a**2 + 3*a - 2. Let x(y) = -y**3 + 1. Let f(h) = b*j(h) + 5*x(h). Is f(8) composite?
True
Suppose -u = -4*o + 3169 + 1292, -3*u - 4463 = -4*o. Suppose -s + 4*a + 267 = -413, -4*a + 4 = 0. Let p = s + o. Is p composite?
True
Let k = -20045 + 46039. Suppose d - 4*r - 8667 = 0, 3*d + 10*r = 15*r + k. Is d prime?
True
Let s(f) = 35*f + 344. Let d be s(-10). Is 15/d - (-169560)/80 composite?
True
Suppose -6*l - 4*m = -3*l - 135214, 0 = 5*l + 4*m - 225354. Is (l/(-25))/(7/(105/(-6))) prime?
True
Let b(w) = 55641*w + 67. Let a be b(7). Suppose z + 21*z = a. Is z prime?
True
Let i = -116712 - -199675. Is i prime?
True
Let v(r) = 170*r**2 - 7*r. Suppose -y + 7 = -6*y - m, m = y + 5. Let j(p) = -170*p**2 + 6*p + 1. Let k(h) = y*v(h) - 3*j(h). Is k(-2) composite?
True
Let g be ((-32297)/(-3))/(32/96). Suppose 3*k = g + 74980. Is k composite?
False
Let b(d) = 7940*d - 3. Let w be b(1). Suppose 0 = -2*m - 6, 9909 + w = 5*i + 3*m. Suppose 461 - i = -5*g. Is g a prime number?
False
Let b(m) = 60*m**3 - 18*m**2 - 23*m - 14. Suppose -l - 3 - 23 = -3*t, -5*t + l + 44 = 0. Is b(t) composite?
False
Is (1 - 5) + 7 - (-152244)/9 a composite number?
True
Let d(n) = -163*n**3 - 24*n**2 + n - 41. Is d(-13) a prime number?
True
Let z be (5 + -451)/((-4)/6). Let u be 19 - 18 - (-4)/(0 + 1). Suppose u*b - 616 = z. Is b a composite number?
False
Suppose 0 = -286*a + 278*a + 129304. Is a composite?
True
Let o(i) = 1915*i**2 + 70*i + 499. Is o(-10) a composite number?
False
Let p be ((-61)/5 + 3/15)/2. Suppose -d + z = 1 + 8, -4*d - 44 = 4*z. Is 747/p*d/15 a prime number?
True
Suppose -20 = -5*p - 5*r, -3*p = -2*r + 10 - 22. Let y = 0 + 0. Suppose -p*a - 2123 + 9415 = y. Is a a composite number?
False
Let d = 318717 - 214600. Is d composite?
True
Let m = 92 + -213. Let f = m - -107. Let g(z) = -15*z - 7. Is g(f) a composite number?
True
Let a(o) = o - 1. Let m be a(6). Let u be -14*766*(0 - 5/20). Suppose m*d - 3*v - u = 0, -2